{"id":282540,"date":"2026-03-25T14:35:07","date_gmt":"2026-03-25T13:35:07","guid":{"rendered":"https:\/\/www.kuchyne-vega.cz\/new\/?page_id=282540"},"modified":"2026-04-08T10:26:14","modified_gmt":"2026-04-08T09:26:14","slug":"interier-ostatni","status":"publish","type":"page","link":"https:\/\/www.kuchyne-vega.cz\/new\/interier-ostatni\/","title":{"rendered":"Interi\u00e9r ostatn\u00ed"},"content":{"rendered":"<div class=\"et_pb_section_0 et_pb_section et_section_regular et_block_section\">\n<div class=\"et_pb_row_0 et_pb_row et_block_row\">\n<div class=\"et_pb_column_0 et_pb_column et_pb_column_4_4 et-last-child et_block_column et_pb_css_mix_blend_mode_passthrough\">\n<div class=\"et_pb_post_title_0 et_pb_post_title et_pb_bg_layout_dark et_pb_text_align_left et_pb_module et_block_module\"><div class=\"et_pb_title_container\"><h1 class=\"entry-title\">Interi\u00e9r ostatn\u00ed<\/h1><\/div><\/div>\n<\/div>\n<\/div>\n\n<div class=\"et_pb_row_1 et_pb_row et_block_row\">\n<div class=\"et_pb_column_1 et_pb_column et_pb_column_4_4 et-last-child et_block_column et_pb_css_mix_blend_mode_passthrough\">\n<div class=\"et_pb_text_0 et_pb_text et_pb_bg_layout_dark et_pb_module et_block_module under-text\"><div class=\"et_pb_text_inner\"><p>N\u00e1bytek je du\u0161\u00ed a z\u00e1kladn\u00edm prvkem ka\u017ed\u00e9ho bytu \u010di domu. To, jak si za\u0159\u00edd\u00edte domov, velmi ovlivn\u00ed ka\u017ed\u00fd v\u00e1\u0161 den, proto je t\u0159eba volit pe\u010dliv\u011b a s rozvahou. Nab\u00edz\u00edme\u00a0<strong>kvalitn\u00ed n\u00e1bytek od \u010desk\u00e9ho v\u00fdrobce<\/strong>, vyb\u00edrat m\u016f\u017eete ze\u00a0<strong>\u0161irok\u00e9 \u0161k\u00e1ly r\u016fzn\u00fdch styl\u016f, proveden\u00ed, barev i materi\u00e1l\u016f<\/strong>. Ka\u017ed\u00e1 m\u00edstnost tak m\u016f\u017ee m\u00edt sv\u016fj osobit\u00fd styl a charakter.<\/p>\n<\/div><\/div>\n<\/div>\n<\/div>\n<\/div>\n\n<div class=\"et_pb_section_1 et_pb_section et_section_regular et_flex_section\"><\/div>\n\n<div class=\"et_pb_section_2 et_pb_section et_section_regular et_block_section\">\n<div class=\"et_pb_row_2 et_pb_row et_block_row\">\n<div class=\"et_pb_column_2 et_pb_column et_pb_column_4_4 et-last-child et_block_column et_pb_css_mix_blend_mode_passthrough\">\n<div class=\"et_pb_text_1 et_pb_text et_pb_bg_layout_light et_pb_module et_flex_module\"><div class=\"et_pb_text_inner\"><h2 style=\"text-align: center;\">\u00a0Proveden\u00ed n\u00e1bytku<\/h2>\n<\/div><\/div>\n<\/div>\n<\/div>\n\n<div class=\"et_pb_row_3 et_pb_row et_grid_row\">\n<div class=\"et_pb_column_3 et_pb_column et_block_column et_pb_css_mix_blend_mode_passthrough\">\n<div class=\"et_pb_text_2 et_pb_text et_pb_bg_layout_light et_pb_module et_flex_module\"><div class=\"et_pb_text_inner\"><p>A\u0165 u\u017e hled\u00e1te\u00a0<strong>n\u00e1bytek do ob\u00fdv\u00e1ku, lo\u017enice, \u0161atny, d\u011btsk\u00e9 pokoje, j\u00eddelny, j\u00eddeln\u00ed stoly<\/strong>\u00a0\u010di <strong>postele<\/strong>, r\u00e1di v\u00e1m porad\u00edme a pom\u016f\u017eeme s v\u00fdb\u011brem. Za\u0159\u00edzen\u00ed jedn\u00e9 m\u00edstnosti ovliv\u0148uje charakter druh\u00e9, proto je vhodn\u00e9, aby do sebe jednotliv\u00e9 styly zapadaly a p\u016fsobily ucelen\u00fdm dojmem. Na\u0161e modern\u00ed n\u00e1bytkov\u00e9 sestavy v\u00e1m umo\u017en\u00ed vytvo\u0159it prostor, kter\u00fd se snadno p\u0159izp\u016fsob\u00ed va\u0161im p\u0159edstav\u00e1m a po\u017eadavk\u016fm.<\/p>\n<p>D\u00edky\u00a0<strong>\u0161irok\u00e9 nab\u00eddce druh\u016f n\u00e1bytku a materi\u00e1lu<\/strong>\u00a0je prakticky ka\u017ed\u00e1 n\u00e1bytkov\u00e1 sestava origin\u00e1l. U\u017eijte si tu jedine\u010dnost!<\/p>\n<\/div><\/div>\n<\/div>\n\n<div class=\"et_pb_column_4 et_pb_column et-last-child et_block_column et_pb_css_mix_blend_mode_passthrough\">\n<div class=\"et_pb_text_3 et_pb_text et_pb_bg_layout_light et_pb_module et_flex_module\"><div class=\"et_pb_text_inner\"><p>Minimalismus a st\u0159\u00edzliv\u00e1 barevnost pat\u0159\u00ed v posledn\u00edch letech k trend\u016fm p\u0159i za\u0159izov\u00e1n\u00ed dom\u016f \u010di byt\u016f. St\u00e1le popul\u00e1rn\u00ed z\u016fst\u00e1vaj\u00ed b\u00edl\u00e9 odst\u00edny, tak jako \u0161ed\u00e9, antracitov\u00e9 a zemit\u00e9 barvy v kombinaci s d\u0159evinami.<\/p>\n<p>Nab\u00eddka je opravdu \u0161irok\u00e1. Popul\u00e1rn\u00ed jsou povrchy v hlubok\u00e9m matu, ale i leskl\u00e9 laky, f\u00f3lie, lamina. St\u00e1le v\u00edce se prosazuj\u00ed i kovov\u00e9 povrchy a dopl\u0148ky. P\u0159iprav\u00edme v\u00e1m n\u00e1vrhy v r\u016fzn\u00fdch materi\u00e1lech s d\u016frazem na co nejefektivn\u011bj\u0161\u00ed vyu\u017eit\u00ed prostoru p\u0159i zachov\u00e1n\u00ed estetick\u00e9ho \u0159e\u0161en\u00ed.<\/p>\n<\/div><\/div>\n<\/div>\n<\/div>\n\n<div class=\"et_pb_row_4 et_pb_row et_block_row\">\n<div class=\"et_pb_column_5 et_pb_column et_pb_column_4_4 et-last-child et_block_column et_pb_css_mix_blend_mode_passthrough\">\n<div class=\"et_pb_text_4 et_pb_text et_pb_bg_layout_light et_pb_module et_flex_module\"><div class=\"et_pb_text_inner\"><h2 style=\"text-align: center;\">Uk\u00e1zky na\u0161ich interi\u00e9r\u016f<\/h2>\n<\/div><\/div>\n\n<div class=\"et_pb_gallery_0 et_pb_gallery et_pb_bg_layout_light et_pb_gallery_grid et_pb_module\" data-auto-rotate=\"off\" data-auto-rotate-speed=\"\"><div class=\"et_pb_gallery_items et_post_gallery clearfix et_grid_module\" data-per_page=\"6\"><div class=\"et_pb_gallery_item et_pb_grid_item et_pb_gallery_item_0_0\"><div class=\"et_pb_gallery_image landscape\" data-per_page=\"6\"><a href=\"https:\/\/www.kuchyne-vega.cz\/new\/wp-content\/uploads\/2026\/02\/TOM7429-kopie-2.jpg\" title=\"Realizace \u2013\u00a0rodinn\u00fd d\u016fm Praha\"><img loading=\"lazy\" decoding=\"async\" width=\"400\" height=\"284\" src=\"https:\/\/www.kuchyne-vega.cz\/new\/wp-content\/uploads\/2026\/02\/TOM7429-kopie-2-400x284.jpg\" alt=\"Realizace \u2013\u00a0rodinn\u00fd d\u016fm Praha\" class=\"wp-image-282389\" srcset=\"https:\/\/www.kuchyne-vega.cz\/new\/wp-content\/uploads\/2026\/02\/TOM7429-kopie-2.jpg 479w, https:\/\/www.kuchyne-vega.cz\/new\/wp-content\/uploads\/2026\/02\/TOM7429-kopie-2-400x284.jpg 480w\" sizes=\"(max-width:479px) 479px, 100vw\" \/><span class=\"et_overlay\" data-icon=\"\" data-icon-tablet=\"\" data-icon-phone=\"\"><\/span><\/a><\/div><\/div><div class=\"et_pb_gallery_item et_pb_grid_item et_pb_gallery_item_0_1\"><div class=\"et_pb_gallery_image landscape\" data-per_page=\"6\"><a href=\"https:\/\/www.kuchyne-vega.cz\/new\/wp-content\/uploads\/2026\/02\/TOM4222-kopie-2.jpg\" title=\"Realizace \u2013\u00a0rodinn\u00fd d\u016fm Praha\"><img loading=\"lazy\" decoding=\"async\" width=\"400\" height=\"284\" src=\"https:\/\/www.kuchyne-vega.cz\/new\/wp-content\/uploads\/2026\/02\/TOM4222-kopie-2-400x284.jpg\" alt=\"Realizace \u2013\u00a0rodinn\u00fd d\u016fm Praha\" class=\"wp-image-282397\" srcset=\"https:\/\/www.kuchyne-vega.cz\/new\/wp-content\/uploads\/2026\/02\/TOM4222-kopie-2.jpg 479w, https:\/\/www.kuchyne-vega.cz\/new\/wp-content\/uploads\/2026\/02\/TOM4222-kopie-2-400x284.jpg 480w\" sizes=\"(max-width:479px) 479px, 100vw\" \/><span class=\"et_overlay\" data-icon=\"\" data-icon-tablet=\"\" data-icon-phone=\"\"><\/span><\/a><\/div><\/div><div class=\"et_pb_gallery_item et_pb_grid_item et_pb_gallery_item_0_2\"><div class=\"et_pb_gallery_image landscape\" data-per_page=\"6\"><a href=\"https:\/\/www.kuchyne-vega.cz\/new\/wp-content\/uploads\/2026\/03\/Vybaveni-pro-vikendove-domy-na-horach-2.jpg\" title=\"Vybaven\u00ed pro v\u00edkendov\u00e9 domy na hor\u00e1ch\"><img loading=\"lazy\" decoding=\"async\" width=\"400\" height=\"284\" src=\"https:\/\/www.kuchyne-vega.cz\/new\/wp-content\/uploads\/2026\/03\/Vybaveni-pro-vikendove-domy-na-horach-2-400x284.jpg\" alt=\"Vybaven\u00ed pro v\u00edkendov\u00e9 domy na hor\u00e1ch\" class=\"wp-image-282420\" srcset=\"https:\/\/www.kuchyne-vega.cz\/new\/wp-content\/uploads\/2026\/03\/Vybaveni-pro-vikendove-domy-na-horach-2.jpg 479w, https:\/\/www.kuchyne-vega.cz\/new\/wp-content\/uploads\/2026\/03\/Vybaveni-pro-vikendove-domy-na-horach-2-400x284.jpg 480w\" sizes=\"(max-width:479px) 479px, 100vw\" \/><span class=\"et_overlay\" data-icon=\"\" data-icon-tablet=\"\" data-icon-phone=\"\"><\/span><\/a><\/div><\/div><div class=\"et_pb_gallery_item et_pb_grid_item et_pb_gallery_item_0_3\"><div class=\"et_pb_gallery_image landscape\" data-per_page=\"6\"><a href=\"https:\/\/www.kuchyne-vega.cz\/new\/wp-content\/uploads\/2026\/03\/TOM8235-kopie-2.jpg\" title=\"Realizace \u2013 Praha-v\u00fdchod\"><img loading=\"lazy\" decoding=\"async\" width=\"400\" height=\"284\" src=\"https:\/\/www.kuchyne-vega.cz\/new\/wp-content\/uploads\/2026\/03\/TOM8235-kopie-2-400x284.jpg\" alt=\"Realizace \u2013 Praha-v\u00fdchod\" class=\"wp-image-282421\" srcset=\"https:\/\/www.kuchyne-vega.cz\/new\/wp-content\/uploads\/2026\/03\/TOM8235-kopie-2.jpg 479w, https:\/\/www.kuchyne-vega.cz\/new\/wp-content\/uploads\/2026\/03\/TOM8235-kopie-2-400x284.jpg 480w\" sizes=\"(max-width:479px) 479px, 100vw\" \/><span class=\"et_overlay\" data-icon=\"\" data-icon-tablet=\"\" data-icon-phone=\"\"><\/span><\/a><\/div><\/div><div class=\"et_pb_gallery_item et_pb_grid_item et_pb_gallery_item_0_4\"><div class=\"et_pb_gallery_image landscape\" data-per_page=\"6\"><a href=\"https:\/\/www.kuchyne-vega.cz\/new\/wp-content\/uploads\/2026\/02\/TOM4141-kopie-2.jpg\" title=\"Realizace \u2013\u00a0rodinn\u00fd d\u016fm Praha\"><img loading=\"lazy\" decoding=\"async\" width=\"400\" height=\"284\" src=\"https:\/\/www.kuchyne-vega.cz\/new\/wp-content\/uploads\/2026\/02\/TOM4141-kopie-2-400x284.jpg\" alt=\"Realizace \u2013\u00a0rodinn\u00fd d\u016fm Praha\" class=\"wp-image-282394\" srcset=\"https:\/\/www.kuchyne-vega.cz\/new\/wp-content\/uploads\/2026\/02\/TOM4141-kopie-2.jpg 479w, https:\/\/www.kuchyne-vega.cz\/new\/wp-content\/uploads\/2026\/02\/TOM4141-kopie-2-400x284.jpg 480w\" sizes=\"(max-width:479px) 479px, 100vw\" \/><span class=\"et_overlay\" data-icon=\"\" data-icon-tablet=\"\" data-icon-phone=\"\"><\/span><\/a><\/div><\/div><div class=\"et_pb_gallery_item et_pb_grid_item et_pb_gallery_item_0_5\"><div class=\"et_pb_gallery_image landscape\" data-per_page=\"6\"><a href=\"https:\/\/www.kuchyne-vega.cz\/new\/wp-content\/uploads\/2026\/02\/TOM4263-kopie-2.jpg\" title=\"Realizace \u2013\u00a0rodinn\u00fd d\u016fm Praha\"><img loading=\"lazy\" decoding=\"async\" width=\"400\" height=\"284\" src=\"https:\/\/www.kuchyne-vega.cz\/new\/wp-content\/uploads\/2026\/02\/TOM4263-kopie-2-400x284.jpg\" alt=\"Realizace \u2013\u00a0rodinn\u00fd d\u016fm Praha\" class=\"wp-image-282400\" srcset=\"https:\/\/www.kuchyne-vega.cz\/new\/wp-content\/uploads\/2026\/02\/TOM4263-kopie-2.jpg 479w, https:\/\/www.kuchyne-vega.cz\/new\/wp-content\/uploads\/2026\/02\/TOM4263-kopie-2-400x284.jpg 480w\" sizes=\"(max-width:479px) 479px, 100vw\" \/><span class=\"et_overlay\" data-icon=\"\" data-icon-tablet=\"\" data-icon-phone=\"\"><\/span><\/a><\/div><\/div><\/div><\/div>\n<\/div>\n<\/div>\n\n<div class=\"et_pb_row_5 et_pb_row et_flex_row\">\n<div class=\"et_pb_column_6 et_pb_column et-last-child et_flex_column et_pb_css_mix_blend_mode_passthrough et_flex_column_24_24 et_flex_column_24_24_tablet et_flex_column_24_24_phone\">\n<div class=\"et_pb_module et_pb_button_module_wrapper et_pb_button_0_wrapper\"><a class=\"et_pb_button_0 et_pb_button et_pb_bg_layout_dark et_pb_module et_block_module\" href=\"\/new\/realizace\">V\u00cdCE REALIZAC\u00cd<\/a><\/div>\n<\/div>\n<\/div>\n<\/div>\n\n<div class=\"et_pb_section_3 et_pb_section et_section_regular et_block_section et_pb_section_parallax\"><span class=\"et-pb-parallax-wrapper\"><span class=\"et-pb-parallax-background et-pb-parallax-background--css et-pb-parallax-background-module--divi-section-3\" style=\"background-image:conic-gradient(from 180deg at center, rgba(50, 50, 50, 0.5) 0%,rgba(50, 50, 50, 0.5) 100%), url(https:\/\/www.kuchyne-vega.cz\/new\/wp-content\/uploads\/2019\/07\/realizace-byt-praha-vinohrady-2.jpg);background-blend-mode:multiply\"><\/span><\/span>\n<div class=\"et_pb_row_6 et_pb_row et_flex_row\">\n<div class=\"et_pb_column_7 et_pb_column et-last-child et_flex_column et_pb_css_mix_blend_mode_passthrough et_flex_column_24_24 et_flex_column_24_24_tablet et_flex_column_24_24_phone\">\n<div class=\"et_pb_text_5 et_pb_text et_pb_bg_layout_light et_pb_module et_block_module\"><div class=\"et_pb_text_inner\"><p>R\u00e1di se v\u00e1m budeme v\u011bnovat v na\u0161em studiu v Praze.<\/p>\n<\/div><\/div>\n<\/div>\n<\/div>\n\n<div class=\"et_pb_row_7 et_pb_row et_flex_row\">\n<div class=\"et_pb_column_8 et_pb_column et-last-child et_flex_column et_pb_css_mix_blend_mode_passthrough et_flex_column_24_24 et_flex_column_24_24_tablet et_flex_column_24_24_phone\">\n<div class=\"et_pb_module et_pb_button_module_wrapper et_pb_button_1_wrapper\"><a class=\"et_pb_button_1 et_pb_button et_pb_bg_layout_dark et_pb_module et_block_module\" href=\"\/new\/kontakt\">P\u0158IJ\u010eTE, ZAVOLEJTE, NAPI\u0160TE N\u00c1M<\/a><\/div>\n<\/div>\n<\/div>\n<\/div>","protected":false},"excerpt":{"rendered":"","protected":false},"author":5,"featured_media":0,"parent":0,"menu_order":2,"comment_status":"closed","ping_status":"closed","template":"","meta":{"footnotes":""},"difl_page_category":[],"class_list":["post-282540","page","type-page","status-publish","hentry"],"yoast_head":"<!-- This site is optimized with the Yoast SEO plugin v27.4 - https:\/\/yoast.com\/product\/yoast-seo-wordpress\/ -->\n<title>Interi\u00e9r ostatn\u00ed - Interi\u00e9ry Vega<\/title>\n<meta name=\"robots\" content=\"index, follow, max-snippet:-1, max-image-preview:large, max-video-preview:-1\" \/>\n<link rel=\"canonical\" href=\"https:\/\/www.kuchyne-vega.cz\/new\/interier-ostatni\/\" \/>\n<meta property=\"og:locale\" content=\"cs_CZ\" \/>\n<meta property=\"og:type\" content=\"article\" \/>\n<meta property=\"og:title\" content=\"Interi\u00e9r ostatn\u00ed - Interi\u00e9ry Vega\" \/>\n<meta property=\"og:url\" content=\"https:\/\/www.kuchyne-vega.cz\/new\/interier-ostatni\/\" \/>\n<meta property=\"og:site_name\" content=\"Interi\u00e9ry Vega\" \/>\n<meta property=\"article:modified_time\" content=\"2026-04-08T09:26:14+00:00\" \/>\n<meta name=\"twitter:card\" content=\"summary_large_image\" \/>\n<script type=\"application\/ld+json\" class=\"yoast-schema-graph\">{\"@context\":\"https:\\\/\\\/schema.org\",\"@graph\":[{\"@type\":\"WebPage\",\"@id\":\"https:\\\/\\\/www.kuchyne-vega.cz\\\/new\\\/interier-ostatni\\\/\",\"url\":\"https:\\\/\\\/www.kuchyne-vega.cz\\\/new\\\/interier-ostatni\\\/\",\"name\":\"Interi\u00e9r ostatn\u00ed - Interi\u00e9ry Vega\",\"isPartOf\":{\"@id\":\"https:\\\/\\\/www.kuchyne-vega.cz\\\/new\\\/#website\"},\"datePublished\":\"2026-03-25T13:35:07+00:00\",\"dateModified\":\"2026-04-08T09:26:14+00:00\",\"breadcrumb\":{\"@id\":\"https:\\\/\\\/www.kuchyne-vega.cz\\\/new\\\/interier-ostatni\\\/#breadcrumb\"},\"inLanguage\":\"cs\",\"potentialAction\":[{\"@type\":\"ReadAction\",\"target\":[\"https:\\\/\\\/www.kuchyne-vega.cz\\\/new\\\/interier-ostatni\\\/\"]}]},{\"@type\":\"BreadcrumbList\",\"@id\":\"https:\\\/\\\/www.kuchyne-vega.cz\\\/new\\\/interier-ostatni\\\/#breadcrumb\",\"itemListElement\":[{\"@type\":\"ListItem\",\"position\":1,\"name\":\"\u00davod\",\"item\":\"https:\\\/\\\/www.kuchyne-vega.cz\\\/new\\\/\"},{\"@type\":\"ListItem\",\"position\":2,\"name\":\"Interi\u00e9r ostatn\u00ed\"}]},{\"@type\":\"WebSite\",\"@id\":\"https:\\\/\\\/www.kuchyne-vega.cz\\\/new\\\/#website\",\"url\":\"https:\\\/\\\/www.kuchyne-vega.cz\\\/new\\\/\",\"name\":\"Interi\u00e9ry Vega\",\"description\":\"N\u00e1bytek a kuchyn\u011b pro V\u00e1\u0161 domov\",\"potentialAction\":[{\"@type\":\"SearchAction\",\"target\":{\"@type\":\"EntryPoint\",\"urlTemplate\":\"https:\\\/\\\/www.kuchyne-vega.cz\\\/new\\\/?s={search_term_string}\"},\"query-input\":{\"@type\":\"PropertyValueSpecification\",\"valueRequired\":true,\"valueName\":\"search_term_string\"}}],\"inLanguage\":\"cs\"}]}<\/script>\n<!-- \/ Yoast SEO plugin. -->","yoast_head_json":{"title":"Interi\u00e9r ostatn\u00ed - Interi\u00e9ry Vega","robots":{"index":"index","follow":"follow","max-snippet":"max-snippet:-1","max-image-preview":"max-image-preview:large","max-video-preview":"max-video-preview:-1"},"canonical":"https:\/\/www.kuchyne-vega.cz\/new\/interier-ostatni\/","og_locale":"cs_CZ","og_type":"article","og_title":"Interi\u00e9r ostatn\u00ed - Interi\u00e9ry Vega","og_url":"https:\/\/www.kuchyne-vega.cz\/new\/interier-ostatni\/","og_site_name":"Interi\u00e9ry Vega","article_modified_time":"2026-04-08T09:26:14+00:00","twitter_card":"summary_large_image","schema":{"@context":"https:\/\/schema.org","@graph":[{"@type":"WebPage","@id":"https:\/\/www.kuchyne-vega.cz\/new\/interier-ostatni\/","url":"https:\/\/www.kuchyne-vega.cz\/new\/interier-ostatni\/","name":"Interi\u00e9r ostatn\u00ed - Interi\u00e9ry Vega","isPartOf":{"@id":"https:\/\/www.kuchyne-vega.cz\/new\/#website"},"datePublished":"2026-03-25T13:35:07+00:00","dateModified":"2026-04-08T09:26:14+00:00","breadcrumb":{"@id":"https:\/\/www.kuchyne-vega.cz\/new\/interier-ostatni\/#breadcrumb"},"inLanguage":"cs","potentialAction":[{"@type":"ReadAction","target":["https:\/\/www.kuchyne-vega.cz\/new\/interier-ostatni\/"]}]},{"@type":"BreadcrumbList","@id":"https:\/\/www.kuchyne-vega.cz\/new\/interier-ostatni\/#breadcrumb","itemListElement":[{"@type":"ListItem","position":1,"name":"\u00davod","item":"https:\/\/www.kuchyne-vega.cz\/new\/"},{"@type":"ListItem","position":2,"name":"Interi\u00e9r ostatn\u00ed"}]},{"@type":"WebSite","@id":"https:\/\/www.kuchyne-vega.cz\/new\/#website","url":"https:\/\/www.kuchyne-vega.cz\/new\/","name":"Interi\u00e9ry Vega","description":"N\u00e1bytek a kuchyn\u011b pro V\u00e1\u0161 domov","potentialAction":[{"@type":"SearchAction","target":{"@type":"EntryPoint","urlTemplate":"https:\/\/www.kuchyne-vega.cz\/new\/?s={search_term_string}"},"query-input":{"@type":"PropertyValueSpecification","valueRequired":true,"valueName":"search_term_string"}}],"inLanguage":"cs"}]}},"_links":{"self":[{"href":"https:\/\/www.kuchyne-vega.cz\/new\/wp-json\/wp\/v2\/pages\/282540","targetHints":{"allow":["GET"]}}],"collection":[{"href":"https:\/\/www.kuchyne-vega.cz\/new\/wp-json\/wp\/v2\/pages"}],"about":[{"href":"https:\/\/www.kuchyne-vega.cz\/new\/wp-json\/wp\/v2\/types\/page"}],"author":[{"embeddable":true,"href":"https:\/\/www.kuchyne-vega.cz\/new\/wp-json\/wp\/v2\/users\/5"}],"replies":[{"embeddable":true,"href":"https:\/\/www.kuchyne-vega.cz\/new\/wp-json\/wp\/v2\/comments?post=282540"}],"version-history":[{"count":18,"href":"https:\/\/www.kuchyne-vega.cz\/new\/wp-json\/wp\/v2\/pages\/282540\/revisions"}],"predecessor-version":[{"id":282694,"href":"https:\/\/www.kuchyne-vega.cz\/new\/wp-json\/wp\/v2\/pages\/282540\/revisions\/282694"}],"wp:attachment":[{"href":"https:\/\/www.kuchyne-vega.cz\/new\/wp-json\/wp\/v2\/media?parent=282540"}],"wp:term":[{"taxonomy":"difl_page_category","embeddable":true,"href":"https:\/\/www.kuchyne-vega.cz\/new\/wp-json\/wp\/v2\/difl_page_category?post=282540"}],"curies":[{"name":"wp","href":"https:\/\/api.w.org\/{rel}","templated":true}]}}