{"id":26715,"date":"2016-12-16T15:20:41","date_gmt":"2016-12-16T14:20:41","guid":{"rendered":"https:\/\/www.kuchyne-vega.cz\/new\/new\/?page_id=26715"},"modified":"2026-04-16T11:18:21","modified_gmt":"2026-04-16T10:18:21","slug":"partneri","status":"publish","type":"page","link":"https:\/\/www.kuchyne-vega.cz\/new\/partneri\/","title":{"rendered":"Na\u0161i partne\u0159i"},"content":{"rendered":"<div class=\"et_pb_section_0 et_pb_section et_section_regular et_block_section\">\n<div class=\"et_pb_row_0 et_pb_row et_block_row\">\n<div class=\"et_pb_column_0 et_pb_column et_pb_column_4_4 et-last-child et_block_column et_pb_css_mix_blend_mode_passthrough\">\n<div class=\"et_pb_post_title_0 et_pb_post_title et_pb_bg_layout_dark et_pb_text_align_left et_pb_module et_block_module\"><div class=\"et_pb_title_container\"><h1 class=\"entry-title\">Na\u0161i partne\u0159i<\/h1><\/div><\/div>\n<\/div>\n<\/div>\n\n<div class=\"et_pb_row_1 et_pb_row et_block_row\">\n<div class=\"et_pb_column_1 et_pb_column et_pb_column_4_4 et-last-child et_block_column et_pb_css_mix_blend_mode_passthrough\">\n<div class=\"et_pb_text_0 et_pb_text et_pb_bg_layout_light et_pb_module et_block_module under-text\"><\/div>\n<\/div>\n<\/div>\n<\/div>\n\n<div class=\"et_pb_section_1 et_pb_section et_section_regular et_block_section\">\n<div class=\"et_pb_row_2 et_pb_row et_block_row\">\n<div class=\"et_pb_column_2 et_pb_column et_pb_column_1_3 et_block_column et_pb_css_mix_blend_mode_passthrough\">\n<div class=\"et_pb_blurb_0 et_pb_blurb et_pb_bg_layout_light et_pb_text_align_left et_pb_blurb_position_top et_pb_module et_block_module\"><div class=\"et_pb_blurb_content\"><div class=\"et_pb_main_blurb_image\"><a href=\"http:\/\/www.ancor.cz\/\" target=\"_blank\"><span class=\"et_pb_image_wrap et_pb_only_image_mode_wrap\"><img loading=\"lazy\" decoding=\"async\" src=\"https:\/\/www.kuchyne-vega.cz\/new\/wp-content\/uploads\/2026\/04\/blanco_4c.jpg\" alt=\"Logo Blanco\" width=\"680\" height=\"369\" srcset=\"https:\/\/www.kuchyne-vega.cz\/new\/wp-content\/uploads\/2026\/04\/blanco_4c.jpg 680w, https:\/\/www.kuchyne-vega.cz\/new\/wp-content\/uploads\/2026\/04\/blanco_4c-480x260.jpg 480w\" sizes=\"(min-width: 0px) and (max-width: 480px) 480px, (min-width: 481px) 680px, 100vw\" class=\"et_animated wp-image-282730\" title=\"Logo Blanco\" \/><\/span><\/a><\/div><div class=\"et_pb_blurb_container\"><h4 class=\"et_pb_module_header\"><a href=\"http:\/\/www.ancor.cz\/\" target=\"_blank\">ANCOR CZ<\/a><\/h4><\/div><\/div><\/div>\n<\/div>\n\n<div class=\"et_pb_column_3 et_pb_column et_pb_column_1_3 et_block_column et_pb_css_mix_blend_mode_passthrough\">\n<div class=\"et_pb_blurb_1 et_pb_blurb et_pb_bg_layout_light et_pb_text_align_left et_pb_blurb_position_top et_pb_module et_block_module\"><div class=\"et_pb_blurb_content\"><div class=\"et_pb_main_blurb_image\"><a href=\"https:\/\/www.franke.com\/cz\/cs.html\" target=\"_blank\"><span class=\"et_pb_image_wrap et_pb_only_image_mode_wrap\"><img loading=\"lazy\" decoding=\"async\" src=\"https:\/\/www.kuchyne-vega.cz\/new\/wp-content\/uploads\/2026\/04\/franke_logo.jpg\" alt=\"Logo Franke\" width=\"680\" height=\"369\" srcset=\"https:\/\/www.kuchyne-vega.cz\/new\/wp-content\/uploads\/2026\/04\/franke_logo.jpg 680w, https:\/\/www.kuchyne-vega.cz\/new\/wp-content\/uploads\/2026\/04\/franke_logo-480x260.jpg 480w\" sizes=\"(min-width: 0px) and (max-width: 480px) 480px, (min-width: 481px) 680px, 100vw\" class=\"et_animated wp-image-282729\" title=\"Logo Franke\" \/><\/span><\/a><\/div><div class=\"et_pb_blurb_container\"><h4 class=\"et_pb_module_header\"><a href=\"https:\/\/www.franke.com\/cz\/cs.html\" target=\"_blank\">Franke<\/a><\/h4><\/div><\/div><\/div>\n<\/div>\n\n<div class=\"et_pb_column_4 et_pb_column et_pb_column_1_3 et-last-child et_block_column et_pb_css_mix_blend_mode_passthrough\">\n<div class=\"et_pb_blurb_2 et_pb_blurb et_pb_bg_layout_light et_pb_text_align_left et_pb_blurb_position_top et_pb_module et_block_module\"><div class=\"et_pb_blurb_content\"><div class=\"et_pb_main_blurb_image\"><a href=\"https:\/\/applia.cz\/\" target=\"_blank\"><span class=\"et_pb_image_wrap et_pb_only_image_mode_wrap\"><img loading=\"lazy\" decoding=\"async\" src=\"https:\/\/www.kuchyne-vega.cz\/new\/wp-content\/uploads\/2026\/04\/villeroy-boch-logo.jpg\" alt=\"Logo Villeroy Boch\" width=\"680\" height=\"369\" srcset=\"https:\/\/www.kuchyne-vega.cz\/new\/wp-content\/uploads\/2026\/04\/villeroy-boch-logo.jpg 680w, https:\/\/www.kuchyne-vega.cz\/new\/wp-content\/uploads\/2026\/04\/villeroy-boch-logo-480x260.jpg 480w\" sizes=\"(min-width: 0px) and (max-width: 480px) 480px, (min-width: 481px) 680px, 100vw\" class=\"et_animated wp-image-282721\" title=\"Logo Villeroy Boch\" \/><\/span><\/a><\/div><div class=\"et_pb_blurb_container\"><h4 class=\"et_pb_module_header\"><a href=\"https:\/\/applia.cz\/\" target=\"_blank\">Villeroy Boch<\/a><\/h4><\/div><\/div><\/div>\n<\/div>\n<\/div>\n<\/div>\n\n<div class=\"et_pb_section_2 et_pb_section et_section_regular et_block_section\">\n<div class=\"et_pb_row_3 et_pb_row et_block_row\">\n<div class=\"et_pb_column_5 et_pb_column et_pb_column_1_3 et_block_column et_pb_css_mix_blend_mode_passthrough\">\n<div class=\"et_pb_blurb_3 et_pb_blurb et_pb_bg_layout_light et_pb_text_align_left et_pb_blurb_position_top et_pb_module et_block_module\"><div class=\"et_pb_blurb_content\"><div class=\"et_pb_main_blurb_image\"><a href=\"http:\/\/www.bosch-home.com\/cz\" target=\"_blank\"><span class=\"et_pb_image_wrap et_pb_only_image_mode_wrap\"><img loading=\"lazy\" decoding=\"async\" src=\"https:\/\/www.kuchyne-vega.cz\/new\/wp-content\/uploads\/2026\/04\/logo_bosch.jpg\" alt=\"Logo Bosch\" width=\"690\" height=\"369\" srcset=\"https:\/\/www.kuchyne-vega.cz\/new\/wp-content\/uploads\/2026\/04\/logo_bosch.jpg 690w, https:\/\/www.kuchyne-vega.cz\/new\/wp-content\/uploads\/2026\/04\/logo_bosch-480x257.jpg 480w\" sizes=\"(min-width: 0px) and (max-width: 480px) 480px, (min-width: 481px) 690px, 100vw\" class=\"et_animated wp-image-282728\" title=\"Logo Bosch\" \/><\/span><\/a><\/div><div class=\"et_pb_blurb_container\"><h4 class=\"et_pb_module_header\"><a href=\"http:\/\/www.bosch-home.com\/cz\" target=\"_blank\">BSH dom\u00e1c\u00ed spot\u0159ebi\u010de s.r.o.<\/a><\/h4><\/div><\/div><\/div>\n<\/div>\n\n<div class=\"et_pb_column_6 et_pb_column et_pb_column_1_3 et_block_column et_pb_css_mix_blend_mode_passthrough\">\n<div class=\"et_pb_blurb_4 et_pb_blurb et_pb_bg_layout_light et_pb_text_align_left et_pb_blurb_position_top et_pb_module et_block_module\"><div class=\"et_pb_blurb_content\"><div class=\"et_pb_main_blurb_image\"><a href=\"http:\/\/www.siemens-home.bsh-group.com\/cz\/\" target=\"_blank\"><span class=\"et_pb_image_wrap et_pb_only_image_mode_wrap\"><img loading=\"lazy\" decoding=\"async\" src=\"https:\/\/www.kuchyne-vega.cz\/new\/wp-content\/uploads\/2026\/04\/logo_siemens.jpg\" alt=\"Logo Siemens\" width=\"680\" height=\"369\" srcset=\"https:\/\/www.kuchyne-vega.cz\/new\/wp-content\/uploads\/2026\/04\/logo_siemens.jpg 680w, https:\/\/www.kuchyne-vega.cz\/new\/wp-content\/uploads\/2026\/04\/logo_siemens-480x260.jpg 480w\" sizes=\"(min-width: 0px) and (max-width: 480px) 480px, (min-width: 481px) 680px, 100vw\" class=\"et_animated wp-image-282727\" title=\"Logo Siemens\" \/><\/span><\/a><\/div><div class=\"et_pb_blurb_container\"><h4 class=\"et_pb_module_header\"><a href=\"http:\/\/www.siemens-home.bsh-group.com\/cz\/\" target=\"_blank\">BSH dom\u00e1c\u00ed spot\u0159ebi\u010de s.r.o.<\/a><\/h4><\/div><\/div><\/div>\n<\/div>\n\n<div class=\"et_pb_column_7 et_pb_column et_pb_column_1_3 et-last-child et_block_column et_pb_css_mix_blend_mode_passthrough\">\n<div class=\"et_pb_blurb_5 et_pb_blurb et_pb_bg_layout_light et_pb_text_align_left et_pb_blurb_position_top et_pb_module et_block_module\"><div class=\"et_pb_blurb_content\"><div class=\"et_pb_main_blurb_image\"><a href=\"https:\/\/www.candy-home.com\/cs_CZ\/\" target=\"_blank\"><span class=\"et_pb_image_wrap et_pb_only_image_mode_wrap\"><img loading=\"lazy\" decoding=\"async\" src=\"https:\/\/www.kuchyne-vega.cz\/new\/wp-content\/uploads\/2026\/04\/Candy-Logo.jpg\" alt=\"Logo Candy\" width=\"680\" height=\"369\" srcset=\"https:\/\/www.kuchyne-vega.cz\/new\/wp-content\/uploads\/2026\/04\/Candy-Logo.jpg 680w, https:\/\/www.kuchyne-vega.cz\/new\/wp-content\/uploads\/2026\/04\/Candy-Logo-480x260.jpg 480w\" sizes=\"(min-width: 0px) and (max-width: 480px) 480px, (min-width: 481px) 680px, 100vw\" class=\"et_animated wp-image-282732\" title=\"Logo Candy\" \/><\/span><\/a><\/div><div class=\"et_pb_blurb_container\"><h4 class=\"et_pb_module_header\"><a href=\"https:\/\/www.candy-home.com\/cs_CZ\/\" target=\"_blank\">Candy<\/a><\/h4><\/div><\/div><\/div>\n<\/div>\n<\/div>\n<\/div>\n\n<div class=\"et_pb_section_3 et_pb_section et_section_regular et_block_section\">\n<div class=\"et_pb_row_4 et_pb_row et_block_row\">\n<div class=\"et_pb_column_8 et_pb_column et_pb_column_1_3 et_block_column et_pb_css_mix_blend_mode_passthrough\">\n<div class=\"et_pb_blurb_6 et_pb_blurb et_pb_bg_layout_light et_pb_text_align_left et_pb_blurb_position_top et_pb_module et_block_module\"><div class=\"et_pb_blurb_content\"><div class=\"et_pb_main_blurb_image\"><a href=\"https:\/\/www.haier-europe.com\/cs_CZ\/\" target=\"_blank\"><span class=\"et_pb_image_wrap et_pb_only_image_mode_wrap\"><img loading=\"lazy\" decoding=\"async\" src=\"https:\/\/www.kuchyne-vega.cz\/new\/wp-content\/uploads\/2026\/04\/haier-logo.jpg\" alt=\"Logo Haier\" width=\"680\" height=\"369\" srcset=\"https:\/\/www.kuchyne-vega.cz\/new\/wp-content\/uploads\/2026\/04\/haier-logo.jpg 680w, https:\/\/www.kuchyne-vega.cz\/new\/wp-content\/uploads\/2026\/04\/haier-logo-480x260.jpg 480w\" sizes=\"(min-width: 0px) and (max-width: 480px) 480px, (min-width: 481px) 680px, 100vw\" class=\"et_animated wp-image-282724\" title=\"Logo Haier\" \/><\/span><\/a><\/div><div class=\"et_pb_blurb_container\"><h4 class=\"et_pb_module_header\"><a href=\"https:\/\/www.haier-europe.com\/cs_CZ\/\" target=\"_blank\">Haier<\/a><\/h4><\/div><\/div><\/div>\n<\/div>\n\n<div class=\"et_pb_column_9 et_pb_column et_pb_column_1_3 et_block_column et_pb_css_mix_blend_mode_passthrough\">\n<div class=\"et_pb_blurb_7 et_pb_blurb et_pb_bg_layout_light et_pb_text_align_left et_pb_blurb_position_top et_pb_module et_block_module\"><div class=\"et_pb_blurb_content\"><div class=\"et_pb_main_blurb_image\"><a href=\"https:\/\/www.liebherr.com\/cs-cz\/ledni\u010dky-mraz\u00e1ky\/spot\u0159ebi\u010de-3066432\" target=\"_blank\"><span class=\"et_pb_image_wrap et_pb_only_image_mode_wrap\"><img loading=\"lazy\" decoding=\"async\" src=\"https:\/\/www.kuchyne-vega.cz\/new\/wp-content\/uploads\/2026\/04\/liebherr-logo.jpg\" alt=\"Logo Liebherr\" width=\"680\" height=\"369\" srcset=\"https:\/\/www.kuchyne-vega.cz\/new\/wp-content\/uploads\/2026\/04\/liebherr-logo.jpg 680w, https:\/\/www.kuchyne-vega.cz\/new\/wp-content\/uploads\/2026\/04\/liebherr-logo-480x260.jpg 480w\" sizes=\"(min-width: 0px) and (max-width: 480px) 480px, (min-width: 481px) 680px, 100vw\" class=\"et_animated wp-image-282722\" title=\"Logo Liebherr\" \/><\/span><\/a><\/div><div class=\"et_pb_blurb_container\"><h4 class=\"et_pb_module_header\"><a href=\"https:\/\/www.liebherr.com\/cs-cz\/ledni\u010dky-mraz\u00e1ky\/spot\u0159ebi\u010de-3066432\" target=\"_blank\">Liebherr<\/a><\/h4><\/div><\/div><\/div>\n<\/div>\n\n<div class=\"et_pb_column_10 et_pb_column et_pb_column_1_3 et-last-child et_block_column et_pb_css_mix_blend_mode_passthrough\">\n<div class=\"et_pb_blurb_8 et_pb_blurb et_pb_bg_layout_light et_pb_text_align_left et_pb_blurb_position_top et_pb_module et_block_module\"><div class=\"et_pb_blurb_content\"><div class=\"et_pb_main_blurb_image\"><a href=\"https:\/\/applia.cz\/\" target=\"_blank\"><span class=\"et_pb_image_wrap et_pb_only_image_mode_wrap\"><img loading=\"lazy\" decoding=\"async\" src=\"https:\/\/www.kuchyne-vega.cz\/new\/wp-content\/uploads\/2026\/04\/novy.jpg\" alt=\"Logo NOVY\" width=\"680\" height=\"369\" srcset=\"https:\/\/www.kuchyne-vega.cz\/new\/wp-content\/uploads\/2026\/04\/novy.jpg 680w, https:\/\/www.kuchyne-vega.cz\/new\/wp-content\/uploads\/2026\/04\/novy-480x260.jpg 480w\" sizes=\"(min-width: 0px) and (max-width: 480px) 480px, (min-width: 481px) 680px, 100vw\" class=\"et_animated wp-image-282731\" title=\"Logo NOVY\" \/><\/span><\/a><\/div><div class=\"et_pb_blurb_container\"><h4 class=\"et_pb_module_header\"><a href=\"https:\/\/applia.cz\/\" target=\"_blank\">Novy<\/a><\/h4><\/div><\/div><\/div>\n<\/div>\n<\/div>\n<\/div>\n\n<div class=\"et_pb_section_4 et_pb_section et_section_regular et_block_section\">\n<div class=\"et_pb_row_5 et_pb_row et_block_row\">\n<div class=\"et_pb_column_11 et_pb_column et_pb_column_1_3 et_block_column et_pb_css_mix_blend_mode_passthrough\">\n<div class=\"et_pb_blurb_9 et_pb_blurb et_pb_bg_layout_light et_pb_text_align_left et_pb_blurb_position_top et_pb_module et_block_module\"><div class=\"et_pb_blurb_content\"><div class=\"et_pb_main_blurb_image\"><a href=\"https:\/\/www.whirlpool.cz\/\" target=\"_blank\"><span class=\"et_pb_image_wrap et_pb_only_image_mode_wrap\"><img loading=\"lazy\" decoding=\"async\" src=\"https:\/\/www.kuchyne-vega.cz\/new\/wp-content\/uploads\/2026\/04\/wp_logo.jpg\" alt=\"Logo Whirlpool\" width=\"1024\" height=\"555\" srcset=\"https:\/\/www.kuchyne-vega.cz\/new\/wp-content\/uploads\/2026\/04\/wp_logo.jpg 1024w, https:\/\/www.kuchyne-vega.cz\/new\/wp-content\/uploads\/2026\/04\/wp_logo-980x531.jpg 980w, https:\/\/www.kuchyne-vega.cz\/new\/wp-content\/uploads\/2026\/04\/wp_logo-480x260.jpg 480w\" sizes=\"(min-width: 0px) and (max-width: 480px) 480px, (min-width: 481px) and (max-width: 980px) 980px, (min-width: 981px) 1024px, 100vw\" class=\"et_animated wp-image-282726\" title=\"Logo Whirlpool\" \/><\/span><\/a><\/div><div class=\"et_pb_blurb_container\"><h4 class=\"et_pb_module_header\"><a href=\"https:\/\/www.whirlpool.cz\/\" target=\"_blank\">Whirlpool CR, spol. s.r.o.<\/a><\/h4><\/div><\/div><\/div>\n<\/div>\n\n<div class=\"et_pb_column_12 et_pb_column et_pb_column_1_3 et_block_column et_pb_css_mix_blend_mode_passthrough\">\n<div class=\"et_pb_blurb_10 et_pb_blurb et_pb_bg_layout_light et_pb_text_align_left et_pb_blurb_position_top et_pb_module et_block_module\"><div class=\"et_pb_blurb_content\"><div class=\"et_pb_main_blurb_image\"><a href=\"https:\/\/www.digestore-faber.cz\/\" target=\"_blank\"><span class=\"et_pb_image_wrap et_pb_only_image_mode_wrap\"><img loading=\"lazy\" decoding=\"async\" src=\"https:\/\/www.kuchyne-vega.cz\/new\/wp-content\/uploads\/2026\/04\/faber.jpg\" alt=\"Logo Faber\" width=\"680\" height=\"369\" srcset=\"https:\/\/www.kuchyne-vega.cz\/new\/wp-content\/uploads\/2026\/04\/faber.jpg 680w, https:\/\/www.kuchyne-vega.cz\/new\/wp-content\/uploads\/2026\/04\/faber-480x260.jpg 480w\" sizes=\"(min-width: 0px) and (max-width: 480px) 480px, (min-width: 481px) 680px, 100vw\" class=\"et_animated wp-image-282740\" title=\"Logo Faber\" \/><\/span><\/a><\/div><div class=\"et_pb_blurb_container\"><h4 class=\"et_pb_module_header\"><a href=\"https:\/\/www.digestore-faber.cz\/\" target=\"_blank\">Promtinvest<\/a><\/h4><\/div><\/div><\/div>\n<\/div>\n\n<div class=\"et_pb_column_13 et_pb_column et_pb_column_1_3 et-last-child et_block_column et_pb_column_empty et_pb_css_mix_blend_mode_passthrough\"><\/div>\n<\/div>\n<\/div>\n\n<div class=\"et_pb_section_5 et_pb_section et_section_regular et_block_section\">\n<div class=\"et_pb_row_6 et_pb_row et_block_row\">\n<div class=\"et_pb_column_14 et_pb_column et_pb_column_1_3 et_block_column et_pb_css_mix_blend_mode_passthrough\">\n<div class=\"et_pb_blurb_11 et_pb_blurb et_pb_bg_layout_light et_pb_text_align_left et_pb_blurb_position_top et_pb_module et_block_module\"><div class=\"et_pb_blurb_content\"><div class=\"et_pb_main_blurb_image\"><a href=\"https:\/\/www.granitholec.cz\/\" target=\"_blank\"><span class=\"et_pb_image_wrap et_pb_only_image_mode_wrap\"><img loading=\"lazy\" decoding=\"async\" src=\"https:\/\/www.kuchyne-vega.cz\/new\/wp-content\/uploads\/2026\/04\/holec.jpg\" alt=\"Logo Granit Holec\" width=\"680\" height=\"369\" srcset=\"https:\/\/www.kuchyne-vega.cz\/new\/wp-content\/uploads\/2026\/04\/holec.jpg 680w, https:\/\/www.kuchyne-vega.cz\/new\/wp-content\/uploads\/2026\/04\/holec-480x260.jpg 480w\" sizes=\"(min-width: 0px) and (max-width: 480px) 480px, (min-width: 481px) 680px, 100vw\" class=\"et_animated wp-image-282725\" title=\"Logo Granit Holec\" \/><\/span><\/a><\/div><div class=\"et_pb_blurb_container\"><h4 class=\"et_pb_module_header\"><a href=\"https:\/\/www.granitholec.cz\/\" target=\"_blank\">Granit Holec<\/a><\/h4><\/div><\/div><\/div>\n<\/div>\n\n<div class=\"et_pb_column_15 et_pb_column et_pb_column_1_3 et_block_column et_pb_css_mix_blend_mode_passthrough\">\n<div class=\"et_pb_blurb_12 et_pb_blurb et_pb_bg_layout_light et_pb_text_align_left et_pb_blurb_position_top et_pb_module et_block_module\"><div class=\"et_pb_blurb_content\"><div class=\"et_pb_main_blurb_image\"><a href=\"https:\/\/www.alfastyl.cz\/\" target=\"_blank\"><span class=\"et_pb_image_wrap et_pb_only_image_mode_wrap\"><img loading=\"lazy\" decoding=\"async\" src=\"https:\/\/www.kuchyne-vega.cz\/new\/wp-content\/uploads\/2026\/04\/alfa-styl.jpg\" alt=\"Logo Alfa Styl\" width=\"680\" height=\"369\" srcset=\"https:\/\/www.kuchyne-vega.cz\/new\/wp-content\/uploads\/2026\/04\/alfa-styl.jpg 680w, https:\/\/www.kuchyne-vega.cz\/new\/wp-content\/uploads\/2026\/04\/alfa-styl-480x260.jpg 480w\" sizes=\"(min-width: 0px) and (max-width: 480px) 480px, (min-width: 481px) 680px, 100vw\" class=\"et_animated wp-image-282723\" title=\"Logo Alfa Styl\" \/><\/span><\/a><\/div><div class=\"et_pb_blurb_container\"><h4 class=\"et_pb_module_header\"><a href=\"https:\/\/www.alfastyl.cz\/\" target=\"_blank\">Alfa Styl<\/a><\/h4><\/div><\/div><\/div>\n<\/div>\n\n<div class=\"et_pb_column_16 et_pb_column et_pb_column_1_3 et-last-child et_block_column et_pb_css_mix_blend_mode_passthrough\">\n<div class=\"et_pb_blurb_13 et_pb_blurb et_pb_bg_layout_light et_pb_text_align_left et_pb_blurb_position_top et_pb_module et_block_module\"><div class=\"et_pb_blurb_content\"><div class=\"et_pb_main_blurb_image\"><a href=\"https:\/\/www.simbera.cz\/\" target=\"_blank\"><span class=\"et_pb_image_wrap et_pb_only_image_mode_wrap\"><img loading=\"lazy\" decoding=\"async\" src=\"https:\/\/www.kuchyne-vega.cz\/new\/wp-content\/uploads\/2026\/04\/simbera-logo.jpg\" alt=\"Logo \u0160imbera\" width=\"680\" height=\"369\" srcset=\"https:\/\/www.kuchyne-vega.cz\/new\/wp-content\/uploads\/2026\/04\/simbera-logo.jpg 680w, https:\/\/www.kuchyne-vega.cz\/new\/wp-content\/uploads\/2026\/04\/simbera-logo-480x260.jpg 480w\" sizes=\"(min-width: 0px) and (max-width: 480px) 480px, (min-width: 481px) 680px, 100vw\" class=\"et_animated wp-image-282733\" title=\"Logo \u0160imbera\" \/><\/span><\/a><\/div><div class=\"et_pb_blurb_container\"><h4 class=\"et_pb_module_header\"><a href=\"https:\/\/www.simbera.cz\/\" target=\"_blank\">Interi\u00e9rov\u00e9 dve\u0159e a z\u00e1rubn\u011b \u0160imbera s.r.o.<\/a><\/h4><\/div><\/div><\/div>\n<\/div>\n<\/div>\n<\/div>\n\n<div class=\"et_pb_section_6 et_pb_section et_section_regular et_block_section\">\n\n<\/div>","protected":false},"excerpt":{"rendered":"","protected":false},"author":1,"featured_media":27552,"parent":0,"menu_order":10,"comment_status":"closed","ping_status":"closed","template":"","meta":{"footnotes":""},"difl_page_category":[],"class_list":["post-26715","page","type-page","status-publish","has-post-thumbnail","hentry"],"yoast_head":"<!-- This site is optimized with the Yoast SEO plugin v27.4 - https:\/\/yoast.com\/product\/yoast-seo-wordpress\/ -->\n<title>Na\u0161i partne\u0159i - Interi\u00e9ry Vega<\/title>\n<meta name=\"robots\" content=\"index, follow, max-snippet:-1, max-image-preview:large, max-video-preview:-1\" \/>\n<link rel=\"canonical\" href=\"https:\/\/www.kuchyne-vega.cz\/new\/partneri\/\" \/>\n<meta property=\"og:locale\" content=\"cs_CZ\" \/>\n<meta property=\"og:type\" content=\"article\" \/>\n<meta property=\"og:title\" content=\"Na\u0161i partne\u0159i - Interi\u00e9ry Vega\" \/>\n<meta property=\"og:url\" content=\"https:\/\/www.kuchyne-vega.cz\/new\/partneri\/\" \/>\n<meta property=\"og:site_name\" content=\"Interi\u00e9ry Vega\" \/>\n<meta property=\"article:modified_time\" content=\"2026-04-16T10:18:21+00:00\" \/>\n<meta property=\"og:image\" content=\"https:\/\/www.kuchyne-vega.cz\/new\/wp-content\/uploads\/2017\/03\/kuchyne-moderni.jpg\" \/>\n\t<meta property=\"og:image:width\" content=\"714\" \/>\n\t<meta property=\"og:image:height\" content=\"513\" \/>\n\t<meta property=\"og:image:type\" content=\"image\/jpeg\" \/>\n<meta name=\"twitter:card\" content=\"summary_large_image\" \/>\n<script type=\"application\/ld+json\" class=\"yoast-schema-graph\">{\"@context\":\"https:\\\/\\\/schema.org\",\"@graph\":[{\"@type\":\"WebPage\",\"@id\":\"https:\\\/\\\/www.kuchyne-vega.cz\\\/new\\\/partneri\\\/\",\"url\":\"https:\\\/\\\/www.kuchyne-vega.cz\\\/new\\\/partneri\\\/\",\"name\":\"Na\u0161i partne\u0159i - Interi\u00e9ry Vega\",\"isPartOf\":{\"@id\":\"https:\\\/\\\/www.kuchyne-vega.cz\\\/new\\\/#website\"},\"primaryImageOfPage\":{\"@id\":\"https:\\\/\\\/www.kuchyne-vega.cz\\\/new\\\/partneri\\\/#primaryimage\"},\"image\":{\"@id\":\"https:\\\/\\\/www.kuchyne-vega.cz\\\/new\\\/partneri\\\/#primaryimage\"},\"thumbnailUrl\":\"https:\\\/\\\/www.kuchyne-vega.cz\\\/new\\\/wp-content\\\/uploads\\\/2017\\\/03\\\/kuchyne-moderni.jpg\",\"datePublished\":\"2016-12-16T14:20:41+00:00\",\"dateModified\":\"2026-04-16T10:18:21+00:00\",\"breadcrumb\":{\"@id\":\"https:\\\/\\\/www.kuchyne-vega.cz\\\/new\\\/partneri\\\/#breadcrumb\"},\"inLanguage\":\"cs\",\"potentialAction\":[{\"@type\":\"ReadAction\",\"target\":[\"https:\\\/\\\/www.kuchyne-vega.cz\\\/new\\\/partneri\\\/\"]}]},{\"@type\":\"ImageObject\",\"inLanguage\":\"cs\",\"@id\":\"https:\\\/\\\/www.kuchyne-vega.cz\\\/new\\\/partneri\\\/#primaryimage\",\"url\":\"https:\\\/\\\/www.kuchyne-vega.cz\\\/new\\\/wp-content\\\/uploads\\\/2017\\\/03\\\/kuchyne-moderni.jpg\",\"contentUrl\":\"https:\\\/\\\/www.kuchyne-vega.cz\\\/new\\\/wp-content\\\/uploads\\\/2017\\\/03\\\/kuchyne-moderni.jpg\",\"width\":714,\"height\":513,\"caption\":\"kuchyn\u011b modern\u00ed\"},{\"@type\":\"BreadcrumbList\",\"@id\":\"https:\\\/\\\/www.kuchyne-vega.cz\\\/new\\\/partneri\\\/#breadcrumb\",\"itemListElement\":[{\"@type\":\"ListItem\",\"position\":1,\"name\":\"\u00davod\",\"item\":\"https:\\\/\\\/www.kuchyne-vega.cz\\\/new\\\/\"},{\"@type\":\"ListItem\",\"position\":2,\"name\":\"Na\u0161i partne\u0159i\"}]},{\"@type\":\"WebSite\",\"@id\":\"https:\\\/\\\/www.kuchyne-vega.cz\\\/new\\\/#website\",\"url\":\"https:\\\/\\\/www.kuchyne-vega.cz\\\/new\\\/\",\"name\":\"Interi\u00e9ry Vega\",\"description\":\"N\u00e1bytek a kuchyn\u011b pro V\u00e1\u0161 domov\",\"potentialAction\":[{\"@type\":\"SearchAction\",\"target\":{\"@type\":\"EntryPoint\",\"urlTemplate\":\"https:\\\/\\\/www.kuchyne-vega.cz\\\/new\\\/?s={search_term_string}\"},\"query-input\":{\"@type\":\"PropertyValueSpecification\",\"valueRequired\":true,\"valueName\":\"search_term_string\"}}],\"inLanguage\":\"cs\"}]}<\/script>\n<!-- \/ Yoast SEO plugin. -->","yoast_head_json":{"title":"Na\u0161i partne\u0159i - Interi\u00e9ry Vega","robots":{"index":"index","follow":"follow","max-snippet":"max-snippet:-1","max-image-preview":"max-image-preview:large","max-video-preview":"max-video-preview:-1"},"canonical":"https:\/\/www.kuchyne-vega.cz\/new\/partneri\/","og_locale":"cs_CZ","og_type":"article","og_title":"Na\u0161i partne\u0159i - Interi\u00e9ry Vega","og_url":"https:\/\/www.kuchyne-vega.cz\/new\/partneri\/","og_site_name":"Interi\u00e9ry Vega","article_modified_time":"2026-04-16T10:18:21+00:00","og_image":[{"width":714,"height":513,"url":"https:\/\/www.kuchyne-vega.cz\/new\/wp-content\/uploads\/2017\/03\/kuchyne-moderni.jpg","type":"image\/jpeg"}],"twitter_card":"summary_large_image","schema":{"@context":"https:\/\/schema.org","@graph":[{"@type":"WebPage","@id":"https:\/\/www.kuchyne-vega.cz\/new\/partneri\/","url":"https:\/\/www.kuchyne-vega.cz\/new\/partneri\/","name":"Na\u0161i partne\u0159i - Interi\u00e9ry Vega","isPartOf":{"@id":"https:\/\/www.kuchyne-vega.cz\/new\/#website"},"primaryImageOfPage":{"@id":"https:\/\/www.kuchyne-vega.cz\/new\/partneri\/#primaryimage"},"image":{"@id":"https:\/\/www.kuchyne-vega.cz\/new\/partneri\/#primaryimage"},"thumbnailUrl":"https:\/\/www.kuchyne-vega.cz\/new\/wp-content\/uploads\/2017\/03\/kuchyne-moderni.jpg","datePublished":"2016-12-16T14:20:41+00:00","dateModified":"2026-04-16T10:18:21+00:00","breadcrumb":{"@id":"https:\/\/www.kuchyne-vega.cz\/new\/partneri\/#breadcrumb"},"inLanguage":"cs","potentialAction":[{"@type":"ReadAction","target":["https:\/\/www.kuchyne-vega.cz\/new\/partneri\/"]}]},{"@type":"ImageObject","inLanguage":"cs","@id":"https:\/\/www.kuchyne-vega.cz\/new\/partneri\/#primaryimage","url":"https:\/\/www.kuchyne-vega.cz\/new\/wp-content\/uploads\/2017\/03\/kuchyne-moderni.jpg","contentUrl":"https:\/\/www.kuchyne-vega.cz\/new\/wp-content\/uploads\/2017\/03\/kuchyne-moderni.jpg","width":714,"height":513,"caption":"kuchyn\u011b modern\u00ed"},{"@type":"BreadcrumbList","@id":"https:\/\/www.kuchyne-vega.cz\/new\/partneri\/#breadcrumb","itemListElement":[{"@type":"ListItem","position":1,"name":"\u00davod","item":"https:\/\/www.kuchyne-vega.cz\/new\/"},{"@type":"ListItem","position":2,"name":"Na\u0161i partne\u0159i"}]},{"@type":"WebSite","@id":"https:\/\/www.kuchyne-vega.cz\/new\/#website","url":"https:\/\/www.kuchyne-vega.cz\/new\/","name":"Interi\u00e9ry Vega","description":"N\u00e1bytek a kuchyn\u011b pro V\u00e1\u0161 domov","potentialAction":[{"@type":"SearchAction","target":{"@type":"EntryPoint","urlTemplate":"https:\/\/www.kuchyne-vega.cz\/new\/?s={search_term_string}"},"query-input":{"@type":"PropertyValueSpecification","valueRequired":true,"valueName":"search_term_string"}}],"inLanguage":"cs"}]}},"_links":{"self":[{"href":"https:\/\/www.kuchyne-vega.cz\/new\/wp-json\/wp\/v2\/pages\/26715","targetHints":{"allow":["GET"]}}],"collection":[{"href":"https:\/\/www.kuchyne-vega.cz\/new\/wp-json\/wp\/v2\/pages"}],"about":[{"href":"https:\/\/www.kuchyne-vega.cz\/new\/wp-json\/wp\/v2\/types\/page"}],"author":[{"embeddable":true,"href":"https:\/\/www.kuchyne-vega.cz\/new\/wp-json\/wp\/v2\/users\/1"}],"replies":[{"embeddable":true,"href":"https:\/\/www.kuchyne-vega.cz\/new\/wp-json\/wp\/v2\/comments?post=26715"}],"version-history":[{"count":38,"href":"https:\/\/www.kuchyne-vega.cz\/new\/wp-json\/wp\/v2\/pages\/26715\/revisions"}],"predecessor-version":[{"id":282741,"href":"https:\/\/www.kuchyne-vega.cz\/new\/wp-json\/wp\/v2\/pages\/26715\/revisions\/282741"}],"wp:featuredmedia":[{"embeddable":true,"href":"https:\/\/www.kuchyne-vega.cz\/new\/wp-json\/wp\/v2\/media\/27552"}],"wp:attachment":[{"href":"https:\/\/www.kuchyne-vega.cz\/new\/wp-json\/wp\/v2\/media?parent=26715"}],"wp:term":[{"taxonomy":"difl_page_category","embeddable":true,"href":"https:\/\/www.kuchyne-vega.cz\/new\/wp-json\/wp\/v2\/difl_page_category?post=26715"}],"curies":[{"name":"wp","href":"https:\/\/api.w.org\/{rel}","templated":true}]}}